86) + 4 + 6. Suppose 94 + p = 2*c. What are the prime factors of c?
97
Suppose -4*h + 9 = 4*d - 3, 0 = 2*h + 2. Suppose d*j = -3*j + 28. What are the prime factors of ((-6)/j + 2 - 0)*106?
53
Suppose -211048 - 4719275 = -349*m. What are the prime factors of m?
3, 17, 277
Suppose k = 4*u - 8*u + 2303, -2*u = 5*k - 11425. What are the prime factors of k?
3, 761
Suppose -5*x - 5*v + 81860 = 0, 22*x = 20*x + 4*v + 32786. What are the prime factors of x?
11, 1489
Let d = 325 - 200. Let c be 2/(d/41 + -3). Suppose -468 = c*r - 45*r. What are the prime factors of r?
3, 13
Suppose q + 2*c = 4, 2*q = -5*c - 3 + 6. List the prime factors of (11028/3)/(-12 + q).
2, 919
Let w(h) = 116*h**2 + 30*h - 724. What are the prime factors of w(14)?
2, 701
Let n be 1 + 2 + 654 + 4 + 1. List the prime factors of (-39)/(-13)*(-2)/(-12)*n.
331
What are the prime factors of (7*24/(-420))/(1/(-27370))?
2, 7, 17, 23
Suppose -102*m + 100*m - 5*j = -3569, -4*j - 12 = 0. List the prime factors of m.
2, 7
Suppose 8*y + 12 = 3*q + 3*y, -y = -4*q + 16. Suppose -5*r + w = 5*w + 54, -r + q*w - 30 = 0. Let g = 208 + r. What are the prime factors of g?
2, 97
Suppose -20685 = -34*l - 3073. Let v = l + -138. What are the prime factors of v?
2, 5, 19
Let x = -391 + 395. Suppose -124 = 18*g - 19*g + 5*q, x*q = -5*g + 678. List the prime factors of g.
2, 67
Suppose 0*x = 3*x - 6. Suppose x*f = -2*j + 12, -3*j + 8 = -0*f - 2*f. List the prime factors of ((-7)/14)/(f/(-508)).
127
Let s(f) = 7*f - 15. Let t be s(7). Suppose -14 + t = 5*p. Let h = 0 + p. What are the prime factors of h?
2
Let p = 38 - 29. Let i(q) = p*q**2 + 4 + 0 + 4*q - 5*q**2 - 3*q**2. List the prime factors of i(7).
3
What are the prime factors of 17011 + (8/(-12) - -1) + (-4)/12?
17011
Let l(z) = -z**2 - 2*z + 1. Let j(k) = -204*k**2 - 9*k + 1. Let b(c) = -j(c) + 6*l(c). List the prime factors of b(1).
2, 5
Let g(b) = -1061*b + 2251. List the prime factors of g(-6).
7, 1231
Suppose -3*w + 3*r + 21348 = 2*r, 5*r + 7102 = w. Suppose 0 = -7*g + w + 338. List the prime factors of g.
3, 5, 71
Suppose -u - 187946 = -5*o, -208*u = -o - 213*u + 37558. What are the prime factors of o?
2, 9397
Suppose 422*w - 421*w + 96731 = 2*x, 96735 = 2*x - 5*w. What are the prime factors of x?
5, 17, 569
Let v = 3547 + 23792. List the prime factors of v.
3, 13, 701
Let z = 189 - 205. List the prime factors of (-1453)/(-15) - z/120.
97
What are the prime factors of 36/204 + 1593064/34?
5, 9371
Suppose 10*w + 143832 = 62*w. What are the prime factors of w?
2, 3, 461
Let s be 8/(-16) - (3/2)/(-3). Suppose s = -2*h - w + 634, 4*h - 1488 = 3*w - 200. List the prime factors of h.
11, 29
Suppose 0 = -3*c - 14 - 1. Let k = c + 271. What are the prime factors of (-1 + k)*12/20?
3, 53
Let x be ((-1)/(-3))/(11/99). Suppose 2*l - p = 4*p + 25, -4*l = -4*p - 32. Suppose -x*o = 2*b - 164, 4*b - 177 - 155 = -l*o. List the prime factors of b.
2, 11
Let g(s) = 14*s**2 - 29*s - 485. List the prime factors of g(-34).
5, 47, 71
Suppose 18*t - 4*j = 16*t + 668, -5*j = 3*t - 1002. List the prime factors of t.
2, 167
What are the prime factors of (9 + -6 + 1 + (4 - -2289))*12?
2, 3, 2297
List the prime factors of ((-6435)/(-2) + 0)*(59 + (-18031)/365).
2, 3, 11, 13
Let o(z) = z**3 + 18 + 19 + 39*z + 21*z**2 - 58*z. What are the prime factors of o(-21)?
2, 109
Suppose -t + 9*s = 10*s - 4486, -2*s - 17932 = -4*t. What are the prime factors of t?
2, 19, 59
Let z be 379 + 0 - (-1 + 0 + 5). Let u = -250 + z. Let i = u + -79. List the prime factors of i.
2, 23
Let x = -10 + 23. Let m be (x - (-2 - -4))*(-4)/2. List the prime factors of (-4)/m - (-123)/(-66)*-126.
5, 47
Let z be 0 - (-1)/((-1)/2). Let x(o) be the first derivative of 10*o**3 - 3*o**2/2 - 2*o - 400. What are the prime factors of x(z)?
2, 31
Suppose 34*i - 12*i = 4048. Let w = 359 + i. What are the prime factors of w?
3, 181
List the prime factors of (-102277)/(-76) + (-9)/(-4).
2, 337
Let y(a) = a**3 - 4*a**2 - 8*a + 14. Suppose 4*o = 3*u + 21 - 61, 0 = -5*u - o + 36. List the prime factors of y(u).
2, 103
Suppose 0*t = c - 5*t + 24, -24 = 3*c - 3*t. Let a = c - -9. Suppose -5*z + 498 = a*u + 108, -177 = -2*z + 5*u. List the prime factors of z.
3
Suppose m - 2 - 1 = 0. Let p be (-6)/4 - 77385/(-154). Suppose -85 = m*o - 2*x - p, 578 = 4*o + 2*x. What are the prime factors of o?
2, 71
Let s be (-2)/2 + 9 + -2. Suppose -s*c + 4*b - 10 = -4*c, -1 = c - b. Suppose 0 = -c*j + 173 - 8. What are the prime factors of j?
5, 11
Let f = -2112 - -1468. Let l = -124 - f. What are the prime factors of l?
2, 5, 13
Let p(f) = -4*f + 46. Let k be p(29). What are the prime factors of ((-218500)/k)/5 + (-2)/7?
2, 3, 13
Suppose 21*p - 5*h + h = 23*p - 19276, 0 = 4*h. List the prime factors of p.
2, 61, 79
Let v = -2559 - -5042. List the prime factors of v.
13, 191
Let u be 0 + (-1 + -4)/(-1). Suppose -2*j - 3*b + 607 = 7, b + 1517 = u*j. What are the prime factors of j?
3, 101
Suppose -3*t = 2*a + 2*t - 179, -2*a = t - 183. Suppose -14*c - 2*m = -15*c + 92, c + m - a = 0. What are the prime factors of c?
2, 23
Let m(z) = -21*z + 17. Let r be 2 - -1 - (-4 + (-20)/4). Suppose 22 = -2*x + r. List the prime factors of m(x).
2, 61
Let l(n) = 75*n - 5. Let z(t) = 5*t + 5. Let i(o) = -6*o - 6. Let b(a) = 4*i(a) + 5*z(a). Let g(h) = b(h) - l(h). What are the prime factors of g(-3)?
2, 3, 19
Let x(l) = 2*l + 19. Let g(a) = -3*a - 18. Let v(t) = -3*g(t) - 2*x(t). Let s be v(23). Suppose 2*h + p - 11 = s, h = p + 74. List the prime factors of h.
2, 3
Suppose -3*g + 6 = 0, 3*g - 5*g - 4445 = -3*x. List the prime factors of x.
1483
Suppose -2*f - u + 2*u + 2141 = 0, f - 3*u = 1083. Let r = -467 + f. List the prime factors of r.
601
Suppose -5*t = -41 + 26, -2*t = -4*d + 2834. What are the prime factors of d?
2, 5, 71
Suppose -52*h = -2*d - 55*h + 5605, 4*d - 11217 = h. List the prime factors of d.
2, 701
Let q(z) = 8*z**3 - 8*z**2 - 33*z + 210. What are the prime factors of q(10)?
2, 3, 5, 59
Let p(d) = -7*d + 14 - 2*d**2 + 13 + 7 - 35. Let l be p(-9). Let w = 195 + l. What are the prime factors of w?
5, 19
Let r = 35 - 31. Let l(y) be the third derivative of 25*y**4/12 + y**3 - 29*y**2. List the prime factors of l(r).
2, 103
Let t(w) = -2*w**2 + 2. Let j(p) = -8*p**2 + 7*p + 28. Let z(r) = -j(r) + 2*t(r). What are the prime factors of z(-8)?
2, 3
Let s = -228 + 220. List the prime factors of 66 - (3 - -2)/(s - -7).
71
List the prime factors of 1110/(-222)*457/(-1).
5, 457
Let h(y) = 2*y**3 + 99*y**2 - 33*y + 867. Let v be h(-50). Let k(c) = -9*c + c**2 - 17 - c + 0*c**2. List the prime factors of k(v).
2, 3, 17
Suppose 5 = -2*s - 1. Let u be (-112)/(-2)*(-1)/6*s. Let x = u - 22. What are the prime factors of x?
2, 3
Let m(h) = -h**3 + 49*h**2 - 16*h - 555. List the prime factors of m(47).
3, 17, 61
Suppose -7257 = -h + 3*z, 10*h - 36269 = 5*h - z. What are the prime factors of h?
2, 3, 13, 31
Let g = -355 + 2008. List the prime factors of g.
3, 19, 29
List the prime factors of 27033 + -107 - (20 + -2).
2, 7, 31
Suppose -219*a + 200*a - 15447 = 0. Let h = 294 - a. What are the prime factors of h?
3, 41
Suppose -3*w + 53 + 67 = 0. Let g = 44 - w. Suppose 2*r = g*r - 162. List the prime factors of r.
3
Let p(m) = 402*m + 17. What are the prime factors of p(1)?
419
Let f(r) = r**2 + 28*r + 1. Let w be f(-28). What are the prime factors of (w/2)/(-9*(-3)/19170)?
5, 71
Let v be 9/7 + 16/(-56). Let o be (5/((-20)/12))/(v - 2). Suppose 0 = w + o*g - 88, -2*w - 4*g + 0*g + 182 = 0. What are the prime factors of w?
97
Suppose 0 = -26*w - 10*w + 1152. Let g(n) = -n**2 + 7*n + 2. Let s be g(7). Let r = w + s. What are the prime factors of r?
2, 17
Let c(j) = 4*j**2 - 52*j + 11. Let u be c(10). Let g = -106 - u. What are the prime factors of g?
3
Suppose -7*x - 11 = -67. Let u(n) = x*n + 14*n**2 - 19 + n - 11*n**2. What are the prime factors of u(7)?
191
Let n(d) = -2*d - 6. Let j be n(-10). Let w = -12 + j. Suppose -89 = -w*r + 69. What are the prime factors of r?
79
Let n be 560/(-84)*11*-9. Let f = n + -73. List the prime factors of f.
587
What are the prime factors of 14/2 - 3*(-12)/36*15923?
2, 3, 5, 59
Let d be (4396/6 - 90/54)/1. Suppose 0 = -m - k + d, 3*m - m + 5*k = 1459. What are the prime factors of m?
2, 3, 61
Let v(t) = 2*t**2 + 2